{"id":1944,"date":"2018-06-06T04:55:21","date_gmt":"2018-06-06T04:55:21","guid":{"rendered":"https:\/\/themes.themegoods.com\/hoteller\/mountain\/?page_id=3"},"modified":"2021-01-08T10:35:41","modified_gmt":"2021-01-08T13:35:41","slug":"privacy-policy","status":"publish","type":"page","link":"https:\/\/penondelaguila.com.ar\/parque\/privacy-policy\/","title":{"rendered":"T\u00e9rminos y Condiciones"},"content":{"rendered":"\n\n\n<p>PE\u00d1\u00d3N DEL \u00c1GUILA \u2013 ALDEA DE MONTA\u00d1A Y PARQUE TEM\u00c1TICO, procura que los visitantes pasen una estad\u00eda inolvidable, en un escenario natural en el que la aventura y la diversi\u00f3n se viven al m\u00e1ximo. Por ello, hemos utilizado los materiales m\u00e1s modernos y de la mejor calidad para la construcci\u00f3n de nuestro Parque. Contamos con altos est\u00e1ndares para garantizar tu seguridad en todo momento; sin embargo, es importante que est\u00e9s consciente de que, debido a la naturaleza del Parque, existen posibles riesgos, los cuales se detallan a continuaci\u00f3n. <\/p>\n\n\n\n<p>\u00a1Viv\u00ed la vida al m\u00e1ximo, disfrut\u00e1 PE\u00d1ON DEL AGUILA &#8211; AVENTURA ALPINA!<\/p>\n\n\n\n<p>Dejo constancia por medio del presente, que he sido informado en forma detallada acerca de cada una de las actividades que se desarrollan en el Parque, y que consisten en los programas denominados: \u201cTREN ADLER EXPRESS\u201d, \u201cREFUGIO DE GAMBRINUS\u201d, \u201cPLAYA TRES CASCADAS\u201d, \u201cPLAZA DE LOS NI\u00d1OS\u201d, \u201cSHOW LA LEYENDA DE GAMBRINUS\u201d, \u201cVIAJE A LA RESERVA NATURAL \u2013 SENDERISMO\u201d , \u201cPALESTRA\u201d, \u201cARCO Y FLECHA\u201d, \u201cARBORISMO ALPINO\u201d, \u201cARBORISMO SUIZO\u201d, \u201cARBORISMO KINDER\u201d, \u201cVUELO DEL \u00c1GUILA\u201d, \u201cGRAN VUELO DEL \u00c1GUILA\u201d, \u201cAVENTURA FULL RAPEL\u201d, \u201cSALTO DEL \u00c1GUILA y sus pases de aventura: \u201cPASE GAMBRINUS\u201d, \u201cPASE GAMBRINUS KINDER\u201d, \u201cPASE DIABLILLO\u201d, \u201cPASE DEL \u00c1GUILA\u201d, \u201cPASE FLANDRINE\u201d y \u201cPASE ALDEANOS\u201d.<\/p>\n\n\n\n<p>Asimismo, he sido informado respecto a las edades m\u00ednimas y m\u00e1ximas que se exigen para participar de cada actividad, como as\u00ed tambi\u00e9n respecto de la altura m\u00ednima, otras condiciones que debe reunir cada participante y que los \u201cpases\u201d y actividades contratadas no admiten devoluci\u00f3n. Me notifico adem\u00e1s, que la empresa no garantiza la realizaci\u00f3n de todas las actividades, estando \u00e9stas sujetas a disponibilidad. Particularmente en lo que refiere a las actividades de \u201cSENDERISMO\u201d, tengo conocimiento de que no est\u00e1 permitido circular fuera de los senderos demarcados. Respecto de la actividad \u201cPLAYA TRES CASCADAS\u201d, he sido informado de que el \u00e1rea habilitada para ba\u00f1arse es \u201cPlaya Tres Cascadas\u201d y que dentro de \u00e9sta no hay guardavidas, por lo que me comprometo a participar tomando todos los recaudos pertinentes. En todas las situaciones, me comprometo a acatar las instrucciones impartidas por el personal a cargo, para el correcto desenvolvimiento de cada actividad.<\/p>\n\n\n\n<p>Conscientemente acepto que las actividades se desarrollan con fines recreativos, deportivos y de diversi\u00f3n voluntariamente ejercidos, por lo que manifiesto por mi propio derecho y por el de mi(s) hijo(s) menor(es) participante(s) y de quien(es) act\u00fao como representante legal y\/o pariente, que he decidido participar voluntariamente de las actividades o programas arriba mencionados y declaro conocer y aceptar en toda su extensi\u00f3n las caracter\u00edsticas y riesgos propios involucrados en los mismos, tomando a mi cargo todos los gastos emergentes de cualquier eventual operativo de rescate y\/o atenci\u00f3n m\u00e9dica que fuera menester. Declaro asimismo que tanto yo, como el\/los menor\/es de edad participante\/s, carecemos de historial de enfermedades o lesiones y que no estoy, ni est\u00e1n, actualmente bajo el efecto de ninguna sustancia, tratamiento, medicina, droga o alcohol que pudiere limitar mis habilidades (y las del\/los menor\/es de edad participante\/s).<\/p>\n\n\n\n<p>\u00a0Deslindo de toda responsabilidad civil, penal y administrativa a PE\u00d1\u00d3N DEL \u00c1GUILA \u2013 ALDEA DE MONTA\u00d1A Y PARQUE TEM\u00c1TICO, a JAGUARY MINK S.A., a sus accionistas, directores, funcionarios, empleados, y colaboradores en general, por los accidentes que pudieren producirse durante la realizaci\u00f3n de las actividades o programas mencionados en el presente y por los da\u00f1os que pueda sufrir en mi persona y\/o bienes (y en el de\/l menor\/es), tanto por causas personales, como as\u00ed tambi\u00e9n por factores ajenos a mi persona, tales como accidentes, enfermedades, casos fortuitos o de fuerza mayor. En consecuencia, renuncio a entablar cualquier tipo de reclamo, demanda judicial o extrajudicial en contra de los arriba mencionados. Dejo constancia que proceder\u00e9 a firmar de manera libre y voluntaria sin presi\u00f3n o inducci\u00f3n alguna, expresando mi voluntad con mi firma, aun cuando sea ilegible e inclusive las iniciales servir\u00e1n y no cambiar\u00e1n ni afectar\u00e1n la intenci\u00f3n ni la obligatoriedad del presente convenio.<\/p>\n\n\n\n<p>Descargar <a href=\"https:\/\/penondelaguila.com.ar\/parque\/archivos\/DESLINDE%202019.docx\" target=\"_blank\" rel=\"noreferrer noopener\">Deslinde de Responsabilidad.<\/a><\/p>\n","protected":false},"excerpt":{"rendered":"<p>PE\u00d1\u00d3N DEL \u00c1GUILA \u2013 ALDEA DE MONTA\u00d1A Y PARQUE TEM\u00c1TICO, procura que los visitantes pasen una estad\u00eda inolvidable, en un escenario natural en el que la aventura y la diversi\u00f3n se viven al m\u00e1ximo. Por ello, hemos utilizado los materiales [&hellip;]<\/p>\n","protected":false},"author":2,"featured_media":0,"parent":0,"menu_order":0,"comment_status":"closed","ping_status":"open","template":"","meta":[],"_links":{"self":[{"href":"https:\/\/penondelaguila.com.ar\/parque\/wp-json\/wp\/v2\/pages\/1944"}],"collection":[{"href":"https:\/\/penondelaguila.com.ar\/parque\/wp-json\/wp\/v2\/pages"}],"about":[{"href":"https:\/\/penondelaguila.com.ar\/parque\/wp-json\/wp\/v2\/types\/page"}],"author":[{"embeddable":true,"href":"https:\/\/penondelaguila.com.ar\/parque\/wp-json\/wp\/v2\/users\/2"}],"replies":[{"embeddable":true,"href":"https:\/\/penondelaguila.com.ar\/parque\/wp-json\/wp\/v2\/comments?post=1944"}],"version-history":[{"count":4,"href":"https:\/\/penondelaguila.com.ar\/parque\/wp-json\/wp\/v2\/pages\/1944\/revisions"}],"predecessor-version":[{"id":3823,"href":"https:\/\/penondelaguila.com.ar\/parque\/wp-json\/wp\/v2\/pages\/1944\/revisions\/3823"}],"wp:attachment":[{"href":"https:\/\/penondelaguila.com.ar\/parque\/wp-json\/wp\/v2\/media?parent=1944"}],"curies":[{"name":"wp","href":"https:\/\/api.w.org\/{rel}","templated":true}]}}